the highest common factor of k and 29.
29
Let f be 4 + (-20536)/(-10) - 4/(-10). Calculate the highest common factor of f and 28.
14
Let z = -682 + 1057. Let k = 226 + -196. What is the greatest common factor of z and k?
15
Let w(g) = g**3 + 33*g**2 + 29*g - 89. Suppose -19*r = -39*r - 640. Let q be w(r). Suppose 5*x - 168 = 3*x. What is the greatest common divisor of x and q?
7
Suppose -25*b - 23*b + 6864 = 0. Let v(p) = p**3 + 8*p**2 + 6*p + 8. Let u be v(-8). Let h = -27 - u. What is the highest common factor of h and b?
13
Let m = 4 - 82. Let l = m - -74. Let w be 5*(0 - 56)/l. What is the highest common factor of w and 14?
14
Suppose -20 = -5*k - 0*k. Let z(v) = 2*v - 41. Let s be z(22). Let b be 0 - 1/3 - (-97)/s. Calculate the highest common factor of k and b.
4
Suppose 0 = -8*j + 9*j - 1 - 0. Calculate the greatest common divisor of 89 and j.
1
Let a = 108 - 24. Let d(l) = -l**3 - 11*l**2 - 43*l - 5. Let y be d(-8). Calculate the greatest common divisor of a and y.
21
Let o = 13 + 50. Let d = o + -45. Calculate the highest common divisor of 2 and d.
2
Let v(u) = -19*u - 92. Let l be v(-10). Suppose -n + 34 = -p, -3*n + 8*p + l = 3*p. What is the greatest common divisor of 132 and n?
12
Let f(b) = 89*b**2 - 3*b + 2. Let i be f(2). Let n = 5208 - 5176. Calculate the highest common factor of n and i.
32
Let t = -61 + -20. Let c = -77 - t. Suppose 5*o - 13 = -4*y, 0 = c*y + 8*o - 4*o - 16. Calculate the greatest common factor of y and 112.
7
Let a = 95 - 47. Let z be (9 + 148/(-16))*(-427 + -1). Let j = 539 - z. Calculate the greatest common factor of a and j.
48
Let w = -11664 - -11733. What is the highest common factor of w and 3381?
69
Let o(h) = 6980*h - 12. Let b be o(1). Let c be (-3)/2*b/(-78). What is the highest common divisor of c and 335?
67
Suppose -3*p + 2388 = 18*p - 4542. Calculate the greatest common divisor of 594 and p.
66
Suppose 7 + 12 = t - 4*s, t + s - 29 = 0. Let x(l) = -l - 3. Let h be x(-7). Suppose b = -h*b + 675. Calculate the highest common factor of t and b.
27
Let r = -60 + 56. Let f be r*58/28 + 4/14. Let w be (-403)/f + (-9)/24. Calculate the highest common divisor of 5 and w.
5
Let h = -104 + 171. Let d = h - 41. Suppose -5*q + 4*q = 2*b - 15, -2*q + b + 25 = 0. Calculate the highest common divisor of d and q.
13
Let a = 22692 + -22533. Calculate the highest common divisor of 2915 and a.
53
Suppose 4*y - 1 - 11 = 0. Suppose -2*g - 3*u - 64 = -6*g, -y*g + 48 = 2*u. What is the greatest common divisor of 24 and g?
8
Let w(n) = n**3 + 10*n**2 - 12*n - 4. Let x be w(-9). Let v = x + -155. What is the greatest common divisor of 70 and v?
10
Suppose -19*b + 25*b = 18. Let l(u) = u**3 - 6*u**2 + 4*u + 10. Let i be l(7). What is the highest common divisor of b and i?
3
Let d(v) = -113*v + 25268. Let m be d(212). Let f be ((-82)/(-8))/((-1)/(-4)). What is the highest common divisor of f and m?
41
Suppose 4*w - 20 = -w. Suppose -4 = -2*y + w. Suppose 5 = s - y. Calculate the greatest common divisor of 45 and s.
9
Let x(u) = -3*u**3 - 65*u**2 - 50*u - 60. Let b be x(-21). Suppose -24 = -w - 0*w. Calculate the greatest common divisor of b and w.
12
Suppose -5*f - 5*t + 355 = -270, -497 = -4*f - 5*t. Let l = 47 + -45. What is the highest common factor of f and l?
2
Let d(g) = -6*g + 214. Let i be d(35). Suppose i*w = -k + 151, -3*k - 154 = -4*w - k. What is the highest common factor of w and 95?
19
Let r(p) = -98*p. Let q be r(-6). Suppose -126*n = -848 - 664. Calculate the highest common divisor of n and q.
12
Let b = -486 - -501. Suppose 44*z - 841 = b*z. Calculate the highest common factor of 145 and z.
29
Suppose -y + 478 = -2*u, 272*u - 270*u - 1394 = -3*y. Calculate the greatest common divisor of y and 52.
52
Let q(n) = 2321*n**2 - 5*n + 0*n**3 + 30 - 2313*n**2 - n**3. Let b be q(6). Calculate the highest common factor of 40 and b.
8
Let t(n) = n**2 - 4*n + 2. Let v be t(2). Let j = v - 26. Let m be ((j/3)/(-7) + -2)*-24. What is the greatest common factor of m and 4?
4
Let b = 3 - 13. Let l = b - -10. Suppose -22*m + 8*m + 4158 = l. What is the greatest common divisor of 33 and m?
33
Suppose -4*x + 268 = 4*t - 0*x, 55 = t + 5*x. Let y(m) = 95*m**2 - 3*m + 2. Let z be y(1). Let q = z - t. Calculate the highest common factor of q and 72.
24
Suppose -432 = -2*w - 2*w. Suppose 5*v - 22 = -7. Suppose u = 3*h - 8*h + 65, 15 = v*u. What is the highest common divisor of h and w?
12
Let o = -2412 - -2852. Calculate the highest common factor of o and 2090.
110
Suppose 8*z - 7 = 17. Suppose -207 = -z*g - 4*r, 4*r - 83 - 193 = -4*g. Calculate the highest common factor of g and 92.
23
Suppose 39*d + 91 = 183 + 337. Let x be (2/4)/((-4)/(-176)). Calculate the highest common factor of d and x.
11
Let c(j) = -3*j**2 - 14*j + 14. Let w = -315 + 310. Let k be c(w). Calculate the highest common divisor of k and 4.
1
Suppose -2*l + 9 = l. Let m = 265 - 600. Let j = -320 - m. What is the greatest common divisor of l and j?
3
Let q be (-30)/(-50) + (-14096)/(-50)*150/20. What is the greatest common divisor of q and 3?
3
Suppose -4*a - 27 + 39 = 3*x, -4*x = 2*a + 4. Calculate the highest common factor of 3384 and a.
6
Let w be (-7)/((-14)/(-6)) + (127 - 1). Suppose 128 = 3*p + 8*q - 6*q, 3*q = 3*p - w. Calculate the greatest common factor of p and 294.
42
Suppose -u + 1431 = b, 4283 = 3*b - 4*u + 5*u. Suppose 0 = -2*x + 2*o + b, -709 = -x - o + 6*o. Calculate the greatest common factor of 42 and x.
42
Let c(v) = -3*v + 2. Let i be 2/(-4) - 35/14. Let z be c(i). Suppose 0 = 8*o - 13*o + 55. Calculate the greatest common divisor of o and z.
11
Let o be (-63)/105 + (2 - (-504)/40). Calculate the greatest common factor of 1022 and o.
14
Suppose -4*i = 5*t - 973, -9*t + 2*i = -5*t - 794. What is the greatest common divisor of t and 1?
1
Let y be 3/33*32 + (-7)/(-77). Suppose -5*x + 446 + 179 = y*l, 0 = l + 3*x - 215. What is the greatest common factor of 120 and l?
40
Let r(d) = d**2 - 34*d - 175. Let j be r(39). Let p(x) = 12*x - 164. Let y be p(j). Calculate the greatest common factor of y and 190.
38
Let r(l) be the third derivative of l**5/60 - l**4/24 + l**3/2 + 14*l**2 - 5*l. Let h be r(0). What is the greatest common factor of 3 and h?
3
Let s = 4845 + -4734. Calculate the greatest common divisor of s and 8547.
111
Let r = 1334 + -434. Suppose 18*c - 16*c = r. What is the greatest common divisor of 100 and c?
50
Let b = -727 - -603. Let v = 31 - b. What is the greatest common factor of v and 93?
31
Suppose 0 = -453*s + 448*s - 85. Let c = 17 + 14. Let t = c + s. What is the highest common factor of t and 7?
7
Suppose 19*o - 1968 - 882 = 0. Suppose -o*n = -143*n - 28. Let y = 0 + 20. Calculate the greatest common factor of y and n.
4
Let v(s) = -189*s - 561. Let t be v(-3). Calculate the greatest common divisor of t and 2241.
3
Let j(r) = r**2 - r + 2. Let m be j(-5). Suppose 68 = 36*y - m*y. Let i = -193 - -329. Calculate the highest common factor of y and i.
17
Let s be 15/(-3) + -66 + 0. Let q = s + 249. Suppose 0 = 3*p - 122 - q. What is the highest common divisor of 25 and p?
25
Let q = -747 - -1240. Suppose -73*l + 669 = -21*l - 215. Calculate the highest common factor of q and l.
17
Let q(s) be the second derivative of -s**5/20 + 11*s**4/12 + s**3/2 - 61*s**2/2 + 36*s. Let i be q(10). What is the greatest common divisor of 3 and i?
3
Let p = -2544 + 2856. What is the greatest common divisor of p and 1092?
156
Suppose -1329 + 1921 = 314*v - 5688. Calculate the highest common factor of v and 1152.
4
Let d = 414 - -271. Let g = d + -657. What is the highest common factor of 16 and g?
4
Let t be (15380/2307)/(5/138). What is the highest common divisor of t and 20792?
184
Let q(b) = -8*b + 38. Let v be q(4). Let r(m) = -7*m + 54. Let w be r(v). What is the highest common divisor of 6 and w?
6
Let b(w) = w**3 - 5*w**2 - 2*w + 18. Let j be b(6). Let x be (-3 + (-1 - -2))*-7. Calculate the greatest common factor of x and j.
14
Suppose 4*i + 838 = 3*o, -4*i - 19 = -2*o + 537. Suppose 0 = -78*c + 53*c - 4725. Let r = c + o. What is the greatest common divisor of 31 and r?
31
Let h be (-1979)/(-10) + (-11)/(-110) - 10. Calculate the highest common divisor of 8742 and h.
94
Suppose 54 = 5*y - 3*v - 661, 151 = y + v. Let q(h) = 114*h +